[INFO] crate event_store 0.1.1 is already in cache
[INFO] checking event_store-0.1.1 against master#e6e4f7ed1589e03bc2f6c5931c1a72e7947e8682 for beta-170-4
[INFO] extracting crate event_store 0.1.1 into /workspace/builds/worker-1-tc2/source
[INFO] validating manifest of crates.io crate event_store 0.1.1 on toolchain e6e4f7ed1589e03bc2f6c5931c1a72e7947e8682
[INFO] running `Command { std: CARGO_HOME="/workspace/cargo-home" RUSTUP_HOME="/workspace/rustup-home" "/workspace/cargo-home/bin/cargo" "+e6e4f7ed1589e03bc2f6c5931c1a72e7947e8682" "metadata" "--manifest-path" "Cargo.toml" "--no-deps", kill_on_drop: false }`
[INFO] started tweaking crates.io crate event_store 0.1.1
[INFO] finished tweaking crates.io crate event_store 0.1.1
[INFO] tweaked toml for crates.io crate event_store 0.1.1 written to /workspace/builds/worker-1-tc2/source/Cargo.toml
[INFO] running `Command { std: CARGO_HOME="/workspace/cargo-home" RUSTUP_HOME="/workspace/rustup-home" __CARGO_TEST_CHANNEL_OVERRIDE_DO_NOT_USE_THIS="nightly" "/workspace/cargo-home/bin/cargo" "+e6e4f7ed1589e03bc2f6c5931c1a72e7947e8682" "generate-lockfile" "--manifest-path" "Cargo.toml" "-Zno-index-update", kill_on_drop: false }`
[INFO] running `Command { std: CARGO_HOME="/workspace/cargo-home" RUSTUP_HOME="/workspace/rustup-home" "/workspace/cargo-home/bin/cargo" "+e6e4f7ed1589e03bc2f6c5931c1a72e7947e8682" "fetch" "--manifest-path" "Cargo.toml", kill_on_drop: false }`
[INFO] running `Command { std: "docker" "create" "-v" "/var/lib/crater-agent-workspace/builds/worker-1-tc2/target:/opt/rustwide/target:rw,Z" "-v" "/var/lib/crater-agent-workspace/builds/worker-1-tc2/source:/opt/rustwide/workdir:ro,Z" "-v" "/var/lib/crater-agent-workspace/cargo-home:/opt/rustwide/cargo-home:ro,Z" "-v" "/var/lib/crater-agent-workspace/rustup-home:/opt/rustwide/rustup-home:ro,Z" "-e" "SOURCE_DIR=/opt/rustwide/workdir" "-e" "CARGO_TARGET_DIR=/opt/rustwide/target" "-e" "CARGO_HOME=/opt/rustwide/cargo-home" "-e" "RUSTUP_HOME=/opt/rustwide/rustup-home" "-w" "/opt/rustwide/workdir" "-m" "1610612736" "--user" "0:0" "--network" "none" "ghcr.io/rust-lang/crates-build-env/linux@sha256:19e73879b68f455e41552ea35293514db52ea292d993f571636dbffedb77a1ee" "/opt/rustwide/cargo-home/bin/cargo" "+e6e4f7ed1589e03bc2f6c5931c1a72e7947e8682" "metadata" "--no-deps" "--format-version=1", kill_on_drop: false }`
[INFO] [stdout] 7020c550abbbd9c95a8096c08437319d2658adfc6b7efdc599064ab11b93d8f3
[INFO] running `Command { std: "docker" "start" "-a" "7020c550abbbd9c95a8096c08437319d2658adfc6b7efdc599064ab11b93d8f3", kill_on_drop: false }`
[INFO] running `Command { std: "docker" "inspect" "7020c550abbbd9c95a8096c08437319d2658adfc6b7efdc599064ab11b93d8f3", kill_on_drop: false }`
[INFO] running `Command { std: "docker" "rm" "-f" "7020c550abbbd9c95a8096c08437319d2658adfc6b7efdc599064ab11b93d8f3", kill_on_drop: false }`
[INFO] [stdout] 7020c550abbbd9c95a8096c08437319d2658adfc6b7efdc599064ab11b93d8f3
[INFO] running `Command { std: "docker" "create" "-v" "/var/lib/crater-agent-workspace/builds/worker-1-tc2/target:/opt/rustwide/target:rw,Z" "-v" "/var/lib/crater-agent-workspace/builds/worker-1-tc2/source:/opt/rustwide/workdir:ro,Z" "-v" "/var/lib/crater-agent-workspace/cargo-home:/opt/rustwide/cargo-home:ro,Z" "-v" "/var/lib/crater-agent-workspace/rustup-home:/opt/rustwide/rustup-home:ro,Z" "-e" "SOURCE_DIR=/opt/rustwide/workdir" "-e" "CARGO_TARGET_DIR=/opt/rustwide/target" "-e" "CARGO_INCREMENTAL=0" "-e" "RUST_BACKTRACE=full" "-e" "RUSTFLAGS=--cap-lints=forbid" "-e" "RUSTDOCFLAGS=--cap-lints=forbid" "-e" "CARGO_HOME=/opt/rustwide/cargo-home" "-e" "RUSTUP_HOME=/opt/rustwide/rustup-home" "-w" "/opt/rustwide/workdir" "-m" "1610612736" "--user" "0:0" "--network" "none" "ghcr.io/rust-lang/crates-build-env/linux@sha256:19e73879b68f455e41552ea35293514db52ea292d993f571636dbffedb77a1ee" "/opt/rustwide/cargo-home/bin/cargo" "+e6e4f7ed1589e03bc2f6c5931c1a72e7947e8682" "check" "--frozen" "--all" "--all-targets" "--message-format=json", kill_on_drop: false }`
[INFO] [stdout] a5e388248dccf32c8be3689073c6e4a2c649f263b971b52b2e5047858e83890d
[INFO] running `Command { std: "docker" "start" "-a" "a5e388248dccf32c8be3689073c6e4a2c649f263b971b52b2e5047858e83890d", kill_on_drop: false }`
[INFO] [stderr]    Compiling libc v0.2.144
[INFO] [stderr]    Compiling generic-array v0.14.7
[INFO] [stderr]    Compiling serde v1.0.163
[INFO] [stderr]    Compiling pkg-config v0.3.27
[INFO] [stderr]    Compiling tokio v1.28.2
[INFO] [stderr]    Compiling syn v2.0.18
[INFO] [stderr]    Compiling log v0.4.18
[INFO] [stderr]     Checking once_cell v1.17.2
[INFO] [stderr]    Compiling syn v1.0.109
[INFO] [stderr]    Compiling openssl v0.10.53
[INFO] [stderr]    Compiling typenum v1.16.0
[INFO] [stderr]    Compiling standback v0.2.17
[INFO] [stderr]    Compiling futures-channel v0.3.28
[INFO] [stderr]    Compiling parking_lot_core v0.8.6
[INFO] [stderr]    Compiling futures-task v0.3.28
[INFO] [stderr]    Compiling openssl-sys v0.9.88
[INFO] [stderr]    Compiling num-traits v0.2.15
[INFO] [stderr]    Compiling ahash v0.7.6
[INFO] [stderr]    Compiling native-tls v0.2.11
[INFO] [stderr]    Compiling proc-macro-hack v0.5.20+deprecated
[INFO] [stderr]    Compiling futures-util v0.3.28
[INFO] [stderr]    Compiling block-buffer v0.10.4
[INFO] [stderr]    Compiling crypto-common v0.1.6
[INFO] [stderr]     Checking parking_lot_core v0.9.7
[INFO] [stderr]     Checking mio v0.8.8
[INFO] [stderr]     Checking getrandom v0.2.9
[INFO] [stderr]     Checking signal-hook-registry v1.4.1
[INFO] [stderr]     Checking parking_lot v0.12.1
[INFO] [stderr]     Checking socket2 v0.4.9
[INFO] [stderr]     Checking num_cpus v1.15.0
[INFO] [stderr]    Compiling futures-core v0.3.28
[INFO] [stderr]    Compiling subtle v2.5.0
[INFO] [stderr]    Compiling digest v0.10.7
[INFO] [stderr]    Compiling foreign-types-shared v0.1.1
[INFO] [stderr]    Compiling tinyvec_macros v0.1.1
[INFO] [stderr]     Checking futures-sink v0.3.28
[INFO] [stderr]    Compiling bytes v1.4.0
[INFO] [stderr]    Compiling const_fn v0.4.9
[INFO] [stderr]    Compiling tinyvec v1.6.0
[INFO] [stderr]    Compiling foreign-types v0.3.2
[INFO] [stderr]    Compiling indexmap v1.9.3
[INFO] [stderr]    Compiling time v0.2.27
[INFO] [stderr]    Compiling serde_json v1.0.96
[INFO] [stderr]    Compiling crossbeam-queue v0.3.8
[INFO] [stderr]    Compiling memchr v2.5.0
[INFO] [stderr]    Compiling unicode-normalization v0.1.22
[INFO] [stderr]    Compiling instant v0.1.12
[INFO] [stderr]    Compiling unicode-bidi v0.3.13
[INFO] [stderr]     Checking futures-io v0.3.28
[INFO] [stderr]    Compiling openssl-probe v0.1.5
[INFO] [stderr]    Compiling rand_core v0.6.4
[INFO] [stderr]    Compiling percent-encoding v2.2.0
[INFO] [stderr]    Compiling cpufeatures v0.2.7
[INFO] [stderr]    Compiling ppv-lite86 v0.2.17
[INFO] [stderr]    Compiling nom v7.1.3
[INFO] [stderr]    Compiling form_urlencoded v1.1.0
[INFO] [stderr]    Compiling hashbrown v0.11.2
[INFO] [stderr]    Compiling idna v0.3.0
[INFO] [stderr]    Compiling rand_chacha v0.3.1
[INFO] [stderr]    Compiling parking_lot v0.11.2
[INFO] [stderr]    Compiling hmac v0.12.1
[INFO] [stderr]    Compiling time v0.1.45
[INFO] [stderr]    Compiling dirs-sys v0.3.7
[INFO] [stderr]    Compiling crossbeam-utils v0.8.15
[INFO] [stderr]    Compiling crc-catalog v1.1.1
[INFO] [stderr]     Checking minimal-lexical v0.2.1
[INFO] [stderr]    Compiling hashbrown v0.12.3
[INFO] [stderr]    Compiling itoa v1.0.6
[INFO] [stderr]    Compiling ryu v1.0.13
[INFO] [stderr]    Compiling time-macros-impl v0.1.2
[INFO] [stderr]    Compiling iana-time-zone v0.1.56
[INFO] [stderr]    Compiling unicode_categories v0.1.1
[INFO] [stderr]    Compiling crc v2.1.0
[INFO] [stderr]    Compiling dirs v4.0.0
[INFO] [stderr]    Compiling hkdf v0.12.3
[INFO] [stderr]    Compiling url v2.3.1
[INFO] [stderr]    Compiling futures-intrusive v0.4.2
[INFO] [stderr]    Compiling hashlink v0.7.0
[INFO] [stderr]    Compiling atoi v0.4.0
[INFO] [stderr]    Compiling rand v0.8.5
[INFO] [stderr]    Compiling serde_derive v1.0.163
[INFO] [stderr]    Compiling tokio-macros v2.1.0
[INFO] [stderr]    Compiling openssl-macros v0.1.1
[INFO] [stderr]    Compiling futures-macro v0.3.28
[INFO] [stderr]    Compiling thiserror-impl v1.0.40
[INFO] [stderr]    Compiling time-macros v0.1.1
[INFO] [stderr]    Compiling thiserror v1.0.40
[INFO] [stderr]    Compiling sha2 v0.10.6
[INFO] [stderr]    Compiling sha-1 v0.10.1
[INFO] [stderr]    Compiling stringprep v0.1.2
[INFO] [stderr]    Compiling md-5 v0.10.5
[INFO] [stderr]    Compiling base64 v0.13.1
[INFO] [stderr]    Compiling byteorder v1.4.3
[INFO] [stderr]    Compiling whoami v1.4.0
[INFO] [stderr]    Compiling hex v0.4.3
[INFO] [stderr]    Compiling event-listener v2.5.3
[INFO] [stderr]    Compiling heck v0.4.1
[INFO] [stderr]     Checking actix-rt v2.8.0
[INFO] [stderr]     Checking tokio-native-tls v0.3.1
[INFO] [stderr]     Checking tokio-stream v0.1.14
[INFO] [stderr]     Checking sqlx-rt v0.5.13
[INFO] [stderr]    Compiling pin-project-internal v1.1.0
[INFO] [stderr]    Compiling tracing-attributes v0.1.24
[INFO] [stderr]     Checking tracing-core v0.1.31
[INFO] [stderr]    Compiling async-trait v0.1.68
[INFO] [stderr]     Checking pin-project v1.1.0
[INFO] [stderr]     Checking tokio-util v0.6.10
[INFO] [stderr]     Checking futures-executor v0.3.28
[INFO] [stderr]     Checking tracing v0.1.37
[INFO] [stderr]    Compiling actix_derive v0.6.0
[INFO] [stderr]     Checking crossbeam-channel v0.5.8
[INFO] [stderr]     Checking tracing-futures v0.2.5
[INFO] [stderr]     Checking futures v0.3.28
[INFO] [stderr]     Checking difference v2.0.0
[INFO] [stderr]     Checking ansi_term v0.11.0
[INFO] [stderr]     Checking either v1.8.1
[INFO] [stderr]     Checking chrono v0.4.26
[INFO] [stderr]     Checking itertools v0.10.5
[INFO] [stderr]     Checking uuid v0.8.2
[INFO] [stderr]     Checking actix v0.12.0
[INFO] [stderr]     Checking pretty_assertions v0.6.1
[INFO] [stderr]     Checking sqlformat v0.1.8
[INFO] [stderr]     Checking sqlx-core v0.5.13
[INFO] [stderr]    Compiling sqlx-macros v0.5.13
[INFO] [stderr]     Checking sqlx v0.5.13
[INFO] [stderr]     Checking event_store v0.1.1 (/opt/rustwide/workdir)
[INFO] [stdout] error[E0382]: borrow of partially moved value: `self`
[INFO] [stdout]    --> src/storage/appender.rs:255:9
[INFO] [stdout]     |
[INFO] [stdout] 246 |               .into_iter()
[INFO] [stdout]     |                ----------- `self.events` partially moved due to this method call
[INFO] [stdout] ...
[INFO] [stdout] 255 | /         trace!(
[INFO] [stdout] 256 | |             parent: &self.span,
[INFO] [stdout]     | |                      --------- borrow occurs due to use in closure
[INFO] [stdout] 257 | |             "Transformed {} event(s) into appendable events",
[INFO] [stdout] 258 | |             events.len(),
[INFO] [stdout] 259 | |         );
[INFO] [stdout]     | |_________^ value borrowed here after partial move
[INFO] [stdout]     |
[INFO] [stdout] note: `into_iter` takes ownership of the receiver `self`, which moves `self.events`
[INFO] [stdout]    --> /rustc/e6e4f7ed1589e03bc2f6c5931c1a72e7947e8682/library/core/src/iter/traits/collect.rs:271:18
[INFO] [stdout]     = note: partial move occurs because `self.events` has type `Vec<UnsavedEvent>`, which does not implement the `Copy` trait
[INFO] [stdout]     = note: this error originates in the macro `$crate::event` which comes from the expansion of the macro `trace` (in Nightly builds, run with -Z macro-backtrace for more info)
[INFO] [stdout] help: you can `clone` the value and consume it, but this might not be your desired behavior
[INFO] [stdout]     |
[INFO] [stdout] 246 |             .clone().into_iter()
[INFO] [stdout]     |              ++++++++
[INFO] [stdout] 
[INFO] [stdout] 
[INFO] [stdout] error[E0382]: borrow of partially moved value: `self`
[INFO] [stdout]    --> src/storage/appender.rs:270:9
[INFO] [stdout]     |
[INFO] [stdout] 265 |                   expected_version: self.expected_version,
[INFO] [stdout]     |                                     --------------------- value partially moved here
[INFO] [stdout] ...
[INFO] [stdout] 270 |           trace!(parent: &self.span, "{}", match res {
[INFO] [stdout]     |           ^               --------- borrow occurs due to use in closure
[INFO] [stdout]     |  _________|
[INFO] [stdout]     | |
[INFO] [stdout] 271 | |             Ok(_) => "Successfully executed",
[INFO] [stdout] 272 | |             Err(_) => "Unsuccessfully executed",
[INFO] [stdout] 273 | |         });
[INFO] [stdout]     | |__________^ value borrowed here after partial move
[INFO] [stdout]     |
[INFO] [stdout]     = note: partial move occurs because `self.expected_version` has type `ExpectedVersion`, which does not implement the `Copy` trait
[INFO] [stdout]     = note: this error originates in the macro `$crate::event` which comes from the expansion of the macro `trace` (in Nightly builds, run with -Z macro-backtrace for more info)
[INFO] [stdout] 
[INFO] [stdout] 
[INFO] [stdout] error[E0382]: borrow of partially moved value: `self`
[INFO] [stdout]    --> src/storage/appender.rs:255:9
[INFO] [stdout]     |
[INFO] [stdout] 246 |               .into_iter()
[INFO] [stdout]     |                ----------- `self.events` partially moved due to this method call
[INFO] [stdout] ...
[INFO] [stdout] 255 | /         trace!(
[INFO] [stdout] 256 | |             parent: &self.span,
[INFO] [stdout]     | |                      --------- borrow occurs due to use in closure
[INFO] [stdout] 257 | |             "Transformed {} event(s) into appendable events",
[INFO] [stdout] 258 | |             events.len(),
[INFO] [stdout] 259 | |         );
[INFO] [stdout]     | |_________^ value borrowed here after partial move
[INFO] [stdout]     |
[INFO] [stdout] note: `into_iter` takes ownership of the receiver `self`, which moves `self.events`
[INFO] [stdout]    --> /rustc/e6e4f7ed1589e03bc2f6c5931c1a72e7947e8682/library/core/src/iter/traits/collect.rs:271:18
[INFO] [stdout]     = note: partial move occurs because `self.events` has type `Vec<event::unsaved::UnsavedEvent>`, which does not implement the `Copy` trait
[INFO] [stdout]     = note: this error originates in the macro `$crate::event` which comes from the expansion of the macro `trace` (in Nightly builds, run with -Z macro-backtrace for more info)
[INFO] [stdout] help: you can `clone` the value and consume it, but this might not be your desired behavior
[INFO] [stdout]     |
[INFO] [stdout] 246 |             .clone().into_iter()
[INFO] [stdout]     |              ++++++++
[INFO] [stdout] 
[INFO] [stdout] 
[INFO] [stdout] error[E0382]: borrow of partially moved value: `self`
[INFO] [stdout]    --> src/storage/appender.rs:270:9
[INFO] [stdout]     |
[INFO] [stdout] 265 |                   expected_version: self.expected_version,
[INFO] [stdout]     |                                     --------------------- value partially moved here
[INFO] [stdout] ...
[INFO] [stdout] 270 |           trace!(parent: &self.span, "{}", match res {
[INFO] [stdout]     |           ^               --------- borrow occurs due to use in closure
[INFO] [stdout]     |  _________|
[INFO] [stdout]     | |
[INFO] [stdout] 271 | |             Ok(_) => "Successfully executed",
[INFO] [stdout] 272 | |             Err(_) => "Unsuccessfully executed",
[INFO] [stdout] 273 | |         });
[INFO] [stdout]     | |__________^ value borrowed here after partial move
[INFO] [stdout]     |
[INFO] [stdout]     = note: partial move occurs because `self.expected_version` has type `expected_version::ExpectedVersion`, which does not implement the `Copy` trait
[INFO] [stdout]     = note: this error originates in the macro `$crate::event` which comes from the expansion of the macro `trace` (in Nightly builds, run with -Z macro-backtrace for more info)
[INFO] [stdout] 
[INFO] [stdout] 
[INFO] [stdout] error: aborting due to 2 previous errors
[INFO] [stdout] 
[INFO] [stdout] 
[INFO] [stdout] For more information about this error, try `rustc --explain E0382`.
[INFO] [stdout] 
[INFO] [stderr] error: could not compile `event_store` (lib) due to 3 previous errors
[INFO] [stderr] warning: build failed, waiting for other jobs to finish...
[INFO] [stdout] error: aborting due to 2 previous errors
[INFO] [stdout] 
[INFO] [stdout] 
[INFO] [stdout] For more information about this error, try `rustc --explain E0382`.
[INFO] [stdout] 
[INFO] [stderr] error: could not compile `event_store` (lib test) due to 3 previous errors
[INFO] running `Command { std: "docker" "inspect" "a5e388248dccf32c8be3689073c6e4a2c649f263b971b52b2e5047858e83890d", kill_on_drop: false }`
[INFO] running `Command { std: "docker" "rm" "-f" "a5e388248dccf32c8be3689073c6e4a2c649f263b971b52b2e5047858e83890d", kill_on_drop: false }`
[INFO] [stdout] a5e388248dccf32c8be3689073c6e4a2c649f263b971b52b2e5047858e83890d
